s -1 + 0 + -2 + 3?
0
(9 - 14) + 7 + -6
-4
5 - ((9 - (0 + 5)) + -4)
5
What is 4 + (-5 - (4 - 11) - 2)?
4
Calculate 21 + -11 + (-8 + 3 - 2).
3
Calculate (-5 - -4) + 1 + -4 - 0.
-4
What is the value of -2 - 10 - -2 - -3?
-7
Evaluate 0 + 2 + -3 + 2 + 0.
1
What is the value of 8 + (-3 - -3) + 0?
8
What is the value of 0 - (3 + -3 + -2)?
2
What is the value of -4 - -3 - (2 + (3 - 3))?
-3
What is the value of 11 + -10 + 3 + 3?
7
Calculate -2 + 0 - (17 - 19).
0
What is the value of (-6 - -3) + (9 - 8)?
-2
What is the value of -3 - (-1 - (5 + -4)) - -4?
3
-1 + 14 + -4 + -4 + -11
-6
What is the value of -2 + (-3 - (4 - 4))?
-5
Evaluate 7 + (-1 - 5) + -4.
-3
What is the value of -1 + 2 + 1 + -2 + -2?
-2
What is 8 + (-9 - 0 - (7 - 11))?
3
What is the value of -2 + 11 + -3 + -9?
-3
What is -14 + 5 + -11 + 10?
-10
Calculate (-9 - -1) + (-69 - -72) + -2.
-7
-3 + 6 + 0 + 1
4
-5 + -1 + -2 - -3 - -5
0
What is the value of -2 - (-4 + (-2 - (-2 - 2)))?
0
0 - (-9 - (-12 - -3))
0
-7 - -12 - (-3 + (-4 - -8))
4
What is the value of -1 - (-1 + -4) - 5?
-1
What is (-4 - -3) + 0 + -3?
-4
What is the value of 0 - -2 - (-6 + -1 + 4)?
5
Evaluate 5 - 2 - (5 - 3).
1
2 + (7 - 0) - 3
6
Evaluate (15 - (3 + 15)) + (4 - 0).
1
Evaluate (1 - -1) + (-10 - -10) + -3.
-1
Calculate -2 + 1 + -1 - (-15 + 12).
1
Calculate 8 - -5 - (-2 + 10).
5
Calculate (1 - -7) + (15 - 10) + -11.
2
What is -4 - (-5 - -3 - -2)?
-4
What is -2 - (-1 + -1) - 3 - -6?
3
What is the value of -1 + (4 - (1 + 2)) + 1?
1
What is the value of (-10 - -11) + 2 + -6 + -4?
-7
Calculate 0 - (11 - 0 - 8) - -6.
3
What is 7 + (-13 - -11) + 4?
9
7 + 2 - (6 + -1 + -1)
5
-1 + 8 + -4 + 1 + 4
8
What is 6 + -2 + 0 + (6 - 3)?
7
What is the value of 1 - -2 - 8 - -6?
1
Evaluate 2 + -3 + (1 - -3 - 0).
3
Calculate 3 + -6 + -2 + 3.
-2
-2 - (-5 + 1) - 6
-4
What is -5 + (3 - -1) - 1?
-2
1 + (0 - 1) + 33 + -29
4
Calculate (-1 - -5) + 1 + -12.
-7
Evaluate -1 + 1 - (-14 - -19).
-5
What is the value of -5 - ((1 - -5) + (-70 - -54))?
5
Evaluate 2 - (-1 + 0) - (1 - 0).
2
What is the value of -3 + 4 - 4 - (0 - -1)?
-4
Calculate 7 - 1 - (8 + -9 + 4).
3
What is the value of -2 + 3 + (-4 - 0)?
-3
What is 2 - 7 - (11 - 15)?
-1
(4 + 11 - (6 - -1)) + -6
2
What is -3 - (-1 - -2 - 1)?
-3
What is the value of 20 + -28 - (-9 - -2)?
-1
What is 2 + (5 + -5 - 3 - 2)?
-3
Calculate 1 + -5 - 2 - (11 + -14).
-3
Calculate 5 + -2 + 9 + -6.
6
What is the value of (0 - 0) + -11 + 24 + -8?
5
-1 + 8 + (-6 - 1)
0
What is the value of -1 + (-6 - -4 - -4)?
1
Calculate (-5 - (3 + -2 - -6)) + 4.
-8
What is -1 + (-1 + 3 + -3 - -2)?
0
Evaluate -7 + 5 + (1 - -2 - 4).
-3
13 + (1 - 9) + -8
-3
What is (5 + -5 + 1 - -5) + 0?
6
Calculate -2 - (3 + 2 + -4 + -1).
-2
What is the value of 9 + -4 + (-8 - -12) - 4?
5
Calculate -2 + (-7 - (7 - 14)).
-2
Calculate 4 + -6 + -1 + 4.
1
Evaluate (5 - 0) + (4 - (-15 - -26)).
-2
Evaluate (-1 - 2) + 27 + -23.
1
What is 1 - 5 - (-16 - (5 - 16))?
1
Calculate 2 + 12 - (5 - -2).
7
Calculate -2 - ((1 - (3 - 2)) + 1).
-3
What is 9 + -6 + (1 - 3)?
1
(3 + -2 - 0) + (-1 - -5)
5
What is the value of -11 - -3 - (4 - (8 - 1))?
-5
Calculate -5 + (16 - 8) + -6.
-3
What is -1 - -2 - 9 - -13?
5
What is the value of -1 + -3 + (3 - 1)?
-2
What is the value of 3 - (-7 + 9 + 8)?
-7
Evaluate (4 - -1) + -6 + 3.
2
Calculate 12 + -3 - (13 + -1).
-3
(-2 - 1) + -37 + 35
-5
Evaluate 2 + -1 - (20 + -18).
-1
What is 6 + -9 + -4 + 5?
-2
What is 3 + -3 + (-3 - -2)?
-1
What is the value of (-4 - (-11 + 6)) + 3?
4
What is the value of -1 + 8 + 2 + (2 - 8)?
3
What is the value of 5 + -1 + (0 - (-2 - -2))?
4
What is 0 + -4 - 0 - (-5 + 4)?
-3
What is (-2 - 0) + (5 - 4)?
-1
-7 - (7 + -1 + -10)
-3
What is -14 - ((-20 - -6) + 6)?
-6
Calculate 0 - (-2 - -5 - 11).
8
Evaluate -6 + -7 + 10 + 11 + -2.
6
Evaluate 2 - 1 - ((-7 - -6) + 8).
-6
What is the value of 9 + -10 + 15 - 9?
5
Calculate 215 - 206 - (1 + 5).
3
What is (-5 - (-2 + 0) - -3) + -1?
-1
-1 - 1 - (-20 - -17)
1
Calculate (-6 - -1 - (-19 + 12)) + -13.
-11
Evaluate 2 + (16 - 24 - (-5 + 0)).
-1
Calculate 2 + -2 + (-61 - -67).
6
Evaluate 7 - 6 - (1 - -3).
-3
Evaluate (-3 - 1) + (5 - -2).
3
0 - (-2 + 0 - (15 + -13))
4
Calculate 7 + 6 + (-1 - -6 - 17).
1
-53 + 73 + (-16 - -2)
6
(0 - 1) + -45 + 50
4
(3 - 2) + -4 + (4 - 6)
-5
What is the value of -4 + 3 + -3 + 3 + 0?
-1
(-2 - -3) + (7 - 3)
5
What is the value of -5 + -4 + (2 - -2)?
-5
What is 0 + (-4 + -4 - (2 - 5))?
-5
1 - 1 - (-17 + 15)
2
What is 3 - (9 - (2 - 3))?
-7
What is the value of -6 + 0 - -7 - -1?
2
What is the value of (3 - 8) + 1 + 6?
2
What is the value of 1 + -4 + -5 - -11?
3
What is the value of -8 + 2 + 5 + (-4 - 1)?
-6
What is 4 + (3 + (1 - 2) - 1)?
5
5 + 1 + (5 - 3) + -4
4
Calculate -4 + 3 + 2 + 1.
2
Calculate 0 - (0 + 3) - 1.
-4
Evaluate 2 + -11 + -8 + 10 + 6.
-1
What is 1 + -4 + 5 + 0?
2
What is the value of 3 + (-1 + -4 - -1) - -4?
3
4 - (5 - (-11 + 11))
-1
-152 + 145 - ((-1 - -1) + -9)
2
What is 8 + (-2 - (7 + 2))?
-3
Calculate -3 - 3 - (-3 + 2) - -2.
-3
What is the value of -3 + (0 - ((-1 - 0) + -1))?
-1
What is the value of (0 - ((3 - 9) + 5)) + -1?
0
Calculate -25 + 26 + -1 + 2.
2
What is (4 - 6) + 2 - 1?
-1
What is 0 + (4 - 0) + (-10 - -13)?
7
What is 4 - ((2 - 5 - -7) + -2)?
2
-11 - ((-15 - -29) + -15)
-10
Evaluate -2 - (-4 + 1) - -1 - 0.
2
What is the value of 2 + 4 + (-2 - 1) + -1?
2
Evaluate 5 + (2 - 4) + -4.
-1
Calculate 2 - (2 - (-7 - -3 - 0)).
-4
6 + -2 + -3 + 8
9
What is the value of (5 - (6 + 15)) + (7 - -1)?
-8
Calculate 4 - ((-4 - 3) + 11).
0
Evaluate -5 - 2 - ((1 - -3) + -3).
-8
Calculate -1 - (-1 - -4) - (-80 - -75).
1
-1 + -4 + -17 + 18
-4
What is 7 + -3 + 3 - -1?
8
Calculate 0 + 4 - (8 + -1).
-3
Calculate 1 + (4 + 0 - 7).
-2
What is (2 - 6) + 1 + (-28 - -30)?
-1
46 + -41 + -2 + -9
-6
(-9 + 2 - (0 + 3)) + 5
-5
What is (9 - (-5 - -14)) + -6?
-6
What is 0 + 1 + (-3 - -8) + -2?
4
Evaluate -2 - (-5 + (5 - -1)) - 2.
-5
What is (-7 - -2) + (9 - 7)?
-3
Calculate 0 + (1 - (9 + -4)).
-4
Calculate -5 + ((-6 - 5) + 4 - -5).
-7
What is the value of -2 + -1 + -2 + (14 - 14)?
-5
Calculate (-24 - -18) + (6 - 0).
0
Evaluate (1 - 3) + 3 + 4.
5
Calculate 1 + (-6 - 0) - -6.
1
-1 + 4 - (1 - -4)
-2
What is the value of 1 + (-1 - 0) + (3 - -2)?
5
Evaluate 9 + (5 - 4) + -1 + -5.
4
(-5 - -1) + 3 - (-1 + 2)
-2
Calculate 4 - (3 - (1 - (-1 + 0))).
3
What is -3 - (1 - -3 - 13)?
6
Calculate 5 - -3 - (-3 + 6).
5
Calculate 0 + 1 + (-1 - 0).
0
What is the value of -6 + 1 + -13 + 16?
-2
What is 4 + -11 + 10 - (-1 + 1)?
3
What is the value of 1 - -3 - (-11 + 16)?
-1
1 + -6 + (-6 - (7 + -12))
-6
What is the value of -7 + 5 + -1 - (11 - 13)?
-1
(-1 - 9) + -8 + 18
0
Calculate 13 - (6 + (-7 - -7)).
7
Calculate 10 - (9 - 5) - 9.
-3
What is the value of -9 + 3 + (15 - (2 + 0))?
7
Evaluate -11 - (-28 + 12 + 7).
-2
Calculate -1 + -1 + -2 + (-6 - -10).
0
Evaluate (0 - -3) + -3 + (2 - 2).
0
3 + -1 + (-4 - -3)
1
(-8 - -1) + (36 - 24)
5
What is the value of 0 - (2 - -1) - -2?
-1
Evaluate (4 + -6 - -5) + -6.
-3
Calculate (-3 - 0) + (6 + -7 - -7).
3
What is the value of 4 + (-4 - -3 - -1)?
4
Calculate 3 - (-1 + -1 + (2 - -9)).
-6
Calculate -6 + (21 - 7) - (4 + 1).
3
What is the value of -11 + 14 + -3 - -3?
3
What is -11 + 10 - (-3 + 1)?
1
Evaluate 0 + (5 + 7 - 5).
7
What is 6 + -12 - (-6 + 0)?
0
What is the value of 9 + -4 - (4 + -5) - 12?
-6
What is -16 - (12 + -12 - 11)?
-5
Calculate 2 + -4 + -6 + 13.
5
-7 + (1 - -2) + 5
1
What is 0 - (-4 + -1 + 2)?
3
Evaluate 146 + -150 + (5 - 1).
0
Evaluate -22 - -20 - (-2 - 0).
0
-1 - (2 + -11 + 3)
5
-7 - (-3 + -3 - (-10 - -7))
-4
What is (13 - 3) + -1 - 12?
-3
Evaluate 0 + -3 + -1 + 1.
-3
What is the value of 1 - 5 - -4 - (-3 + 0)?
3
6 - 0 - (0 - (-25 - -20))
1
1 + -3 + 3 + -2
-1
Evaluate 16 + -12 + (-4 - (2 + -3)).
1
What is the value of 2 - -2 - (0 - -4)?
0
Evaluate 1 + 1 + 4 + -5 + 4.
5
What is the value of 4 + (1 - (0 - 1)) + -3?
3
What is -1 + (0 - (-6 + (0 - -7)))?
-2
-7 + (9 - 19 - -13)
-4
-13 + 6 - -15 - 3
5
-89 + 91 - (-6 - -1)
7
What is the value of -3 - -5 - (-2 - -1) - -1?
4
Calculate -8 + -3 + 4 + -3 + 18.
8
Evaluate 1 - -7 - (0 - -4).
4
Calculate 8 + -5 - -3 - -2.
8
Calculate 8 + (2 - 9) + 10.
11
What is the value of (-2 - (2 - -4)) + 10?
2
What is -10 + (-9 + 2 - -7)?
-10
(-2 - -6) + -1 - 8
-5
What is the value of -4 + 0 + 3 - -6?
5
